{"id":65433,"date":"2026-03-18T00:08:05","date_gmt":"2026-03-18T00:08:05","guid":{"rendered":"https:\/\/programajanlo.hu\/index.php\/events\/tesoro-de-latinoamerica-peru-santuario-historico-de-machu-picchu\/"},"modified":"2026-03-18T00:08:05","modified_gmt":"2026-03-18T00:08:05","slug":"tesoro-de-latinoamerica-peru-santuario-historico-de-machu-picchu","status":"publish","type":"ajde_events","link":"https:\/\/programajanlo.hu\/index.php\/events\/tesoro-de-latinoamerica-peru-santuario-historico-de-machu-picchu\/","title":{"rendered":"Tesoro de Latinoam\u00e9rica &#8211; Per\u00fa: santuario hist\u00f3rico de Machu Picchu"},"content":{"rendered":"<div>J\u00e1nos Gyarmati, arque\u00f3logo y muse\u00f3logo jefe del Museo Etnogr\u00e1fico de Budapest, nos explica los los valores culturales e histor\u00edcos de Per\u00fa.<\/div>\n<div style=\"margin-top: 20px\">\n<div style=\"margin: 20px 10px;font-size: 15px;line-height: 22px;font-weight: 400;text-align: left;\">\n<p>Cuzco es una de las ciudades m\u00e1s antiguas y continuamente habitadas del Nuevo Mundo, y fue antiguo centro pol\u00edtico, religioso y cultural del Imperio Inca. Se encuentra en el sureste de Per\u00fa, a 3400 metros de altitud, y hoy en d\u00eda tiene cerca de medio mill\u00f3n de habitantes, en su mayor\u00eda de origen ind\u00edgena. Fue fundada por el primer inca, Manco C\u00e1pac. En cuanto al n\u00famero de casas, mercados y calles, era tan grande como una de las grandes ciudades de la Europa medieval.<\/p>\n<p>La ciudad inca en ruinas de Machu Picchu (que en lengua quechua significa \u00abviejos picos\u00bb) se encuentra en los Andes peruanos, en la provincia de Cuzco, escondida en una meseta casi inaccesible. La peque\u00f1a ciudad fortificada fue construida alrededor de 1450 por orden del rey inca Pacsakutek Jupanki y abandonada en 1570. Tras casi 400 a\u00f1os, fue redescubierta en 1911. En 1981 recibi\u00f3 el t\u00edtulo de \u00absantuario hist\u00f3rico del Per\u00fa\u00bb y en 1983 fue inscrita, junto con Cuzco, en la lista del Patrimonio Mundial de la UNESCO.<\/p>\n<\/p>\n<p>Cuzco az \u00dajvil\u00e1g egyik legr\u00e9gebbi, folyamatosan lakott v\u00e1rosa, az Inka Birodalom egykori politikai, vall\u00e1si \u00e9s kultur\u00e1lis k\u00f6zpontja. Peru d\u00e9lkeleti r\u00e9sz\u00e9n fekszik, 3400 m\u00e9ter magasan, \u00e9s ma is k\u00f6zel f\u00e9lmilli\u00f3, t\u00f6bbnyire indi\u00e1n eredet\u0171 lakosa van. Az els\u0151 inka, Manco C\u00e1pac alap\u00edtotta. H\u00e1zainak, piacainak \u00e9s utc\u00e1inak sz\u00e1m\u00e1t tekintve akkora volt, mint a k\u00f6z\u00e9pkori  Eur\u00f3pa egyik nagyv\u00e1rosa.<\/p>\n<p>A Machu Picchu inka romv\u00e1ros (kecsua nyelven \u201e\u00d6reg cs\u00facs\u201d) a perui Andokban, Cuzco megy\u00e9ben, egy csaknem megk\u00f6zel\u00edthetetlen hegynyergen b\u00fajik meg. A kis er\u0151d\u00edtett v\u00e1rost 1450 k\u00f6r\u00fcl Pacsakutek Jupanki inka kir\u00e1ly parancs\u00e1ra \u00e9p\u00edtett\u00e9k \u00e9s 1570-ben hagyt\u00e1k el, majd 400 \u00e9v ut\u00e1n 1911-ben fedezt\u00e9k fel \u00fajra. 1981-ben a &#8222;perui t\u00f6rt\u00e9nelmi szent\u00e9ly&#8221; c\u00edmet kapta, \u00e9s 1983-ban ker\u00fclt fel Cuzc\u00f3val egy\u00fctt az UNESCO vil\u00e1g\u00f6r\u00f6ks\u00e9gi list\u00e1j\u00e1ra.<\/p>\n<\/div>\n<\/div>\n","protected":false},"author":1,"featured_media":65458,"menu_order":0,"comment_status":"","ping_status":"closed","template":"","meta":[],"tags":[],"event_type":[],"event_type_2":[3554],"class_list":["post-65433","ajde_events","type-ajde_events","status-publish","has-post-thumbnail","hentry","event_location-cervantes-institute","event_organizer-instituto-cervantes-de-budapest","event_type_2-kultura"],"_links":{"self":[{"href":"https:\/\/programajanlo.hu\/index.php\/wp-json\/wp\/v2\/ajde_events\/65433","targetHints":{"allow":["GET"]}}],"collection":[{"href":"https:\/\/programajanlo.hu\/index.php\/wp-json\/wp\/v2\/ajde_events"}],"about":[{"href":"https:\/\/programajanlo.hu\/index.php\/wp-json\/wp\/v2\/types\/ajde_events"}],"author":[{"embeddable":true,"href":"https:\/\/programajanlo.hu\/index.php\/wp-json\/wp\/v2\/users\/1"}],"replies":[{"embeddable":true,"href":"https:\/\/programajanlo.hu\/index.php\/wp-json\/wp\/v2\/comments?post=65433"}],"wp:featuredmedia":[{"embeddable":true,"href":"https:\/\/programajanlo.hu\/index.php\/wp-json\/wp\/v2\/media\/65458"}],"wp:attachment":[{"href":"https:\/\/programajanlo.hu\/index.php\/wp-json\/wp\/v2\/media?parent=65433"}],"wp:term":[{"taxonomy":"post_tag","embeddable":true,"href":"https:\/\/programajanlo.hu\/index.php\/wp-json\/wp\/v2\/tags?post=65433"},{"taxonomy":"event_type","embeddable":true,"href":"https:\/\/programajanlo.hu\/index.php\/wp-json\/wp\/v2\/event_type?post=65433"},{"taxonomy":"event_type_2","embeddable":true,"href":"https:\/\/programajanlo.hu\/index.php\/wp-json\/wp\/v2\/event_type_2?post=65433"}],"curies":[{"name":"wp","href":"https:\/\/api.w.org\/{rel}","templated":true}]}}

Tesoro de Latinoamérica &#8211; Perú: santuario histórico de Machu Picchu

<div>János Gyarmati, arqueólogo y museólogo jefe del Museo Etnográfico de Budapest, nos explica los los valores culturales e historícos de Perú.</div>
<div style="margin-top: 20px">
<div style="margin: 20px 10px;font-size: 15px;line-height: 22px;font-weight: 400;text-align: left;">
<p>Cuzco es una de las ciudades más antiguas y continuamente habitadas del Nuevo Mundo, y fue antiguo centro político, religioso y cultural del Imperio Inca. Se encuentra en el sureste de Perú, a 3400 metros de altitud, y hoy en día tiene cerca de medio millón de habitantes, en su mayoría de origen indígena. Fue fundada por el primer inca, Manco Cápac. En cuanto al número de casas, mercados y calles, era tan grande como una de las grandes ciudades de la Europa medieval.</p>
<p>La ciudad inca en ruinas de Machu Picchu (que en lengua quechua significa «viejos picos») se encuentra en los Andes peruanos, en la provincia de Cuzco, escondida en una meseta casi inaccesible. La pequeña ciudad fortificada fue construida alrededor de 1450 por orden del rey inca Pacsakutek Jupanki y abandonada en 1570. Tras casi 400 años, fue redescubierta en 1911. En 1981 recibió el título de «santuario histórico del Perú» y en 1983 fue inscrita, junto con Cuzco, en la lista del Patrimonio Mundial de la UNESCO.</p>
</p>
<p>Cuzco az Újvilág egyik legrégebbi, folyamatosan lakott városa, az Inka Birodalom egykori politikai, vallási és kulturális központja. Peru délkeleti részén fekszik, 3400 méter magasan, és ma is közel félmillió, többnyire indián eredetű lakosa van. Az első inka, Manco Cápac alapította. Házainak, piacainak és utcáinak számát tekintve akkora volt, mint a középkori  Európa egyik nagyvárosa.</p>
<p>A Machu Picchu inka romváros (kecsua nyelven „Öreg csúcs”) a perui Andokban, Cuzco megyében, egy csaknem megközelíthetetlen hegynyergen bújik meg. A kis erődített várost 1450 körül Pacsakutek Jupanki inka király parancsára építették és 1570-ben hagyták el, majd 400 év után 1911-ben fedezték fel újra. 1981-ben a &#8222;perui történelmi szentély&#8221; címet kapta, és 1983-ban került fel Cuzcóval együtt az UNESCO világörökségi listájára.</p>
</div>
</div>
