{"id":65443,"date":"2026-03-18T00:08:09","date_gmt":"2026-03-18T00:08:09","guid":{"rendered":"https:\/\/programajanlo.hu\/index.php\/events\/ars-combinatoria-5-la-gramatica-magica\/"},"modified":"2026-03-18T00:08:09","modified_gmt":"2026-03-18T00:08:09","slug":"ars-combinatoria-5-la-gramatica-magica","status":"publish","type":"ajde_events","link":"https:\/\/programajanlo.hu\/index.php\/events\/ars-combinatoria-5-la-gramatica-magica\/","title":{"rendered":"Ars Combinatoria #5: la gram\u00e1tica m\u00e1gica"},"content":{"rendered":"<div>Quinto encuentro del Taller de escritura creativa con el dramaturgo y profesor Manuel Torres.<\/div>\n<div style=\"margin-top: 20px\">\n<div style=\"margin: 20px 10px;font-size: 15px;line-height: 22px;font-weight: 400;text-align: left;\">\n<p>TEMAS: Lenguaje que crea el mundo. Intertextualidad. Est\u00e9tica de la recepci\u00f3n. Sinestesia. Teatro de los sentidos. Anatom\u00eda de la Melancol\u00eda.<\/p>\n<p>AUTOR: Benjamin Labatut. Mar\u00eda Zambrano.<\/p>\n<p>TEXTOS A LEER: Un verdor terrible de Labatut. La tumba de Ant\u00edgona por Mar\u00eda Zambrano.<\/p>\n<p>TIPO DE TEXTO A PRODUCIR: Ensayo. Texto experimental. Narrativas h\u00edbridas.<\/p>\n<p>\ud83d\udcac<strong><strong>Espa\u00f1ol con traducci\u00f3n simult\u00e1nea al h\u00fangaro.<\/strong><\/strong><\/p>\n<\/p>\n<p>T\u00c9M\u00c1K: A vil\u00e1got teremt\u0151 nyelv. Intertextualit\u00e1s. A befogad\u00e1s eszt\u00e9tik\u00e1ja. Szineszti\u00e1zia. Az \u00e9rz\u00e9kek sz\u00ednh\u00e1za. A melank\u00f3lia anat\u00f3mi\u00e1ja.<\/p>\n<p>SZERZ\u0150: Benjamin Labatut. Mar\u00eda Zambrano.<\/p>\n<p>OLVASAND\u00d3 SZ\u00d6VEGEK: Labatut: Un verdor terrible (Sz\u00f6rny\u0171 z\u00f6lds\u00e9g). Mar\u00eda Zambrano: La tumba de Ant\u00edgona (Antigon\u00e9 s\u00edrja).<\/p>\n<p>K\u00c9SZ\u00cdTEND\u0150 SZ\u00d6VEGT\u00cdPUS: Essz\u00e9. K\u00eds\u00e9rleti sz\u00f6veg. Hibrid narrat\u00edv\u00e1k.<\/p>\n<p>\ud83d\udcac<strong><strong>Spanyol nyelv\u0171, magyar szinkrontolm\u00e1csol\u00e1ssal.<\/strong><\/strong><\/p>\n<\/div>\n<\/div>\n","protected":false},"author":1,"featured_media":65468,"menu_order":0,"comment_status":"","ping_status":"closed","template":"","meta":[],"tags":[],"event_type":[],"event_type_2":[3586],"class_list":["post-65443","ajde_events","type-ajde_events","status-publish","has-post-thumbnail","hentry","event_location-vorosmarty-u-32","event_organizer-instituto-cervantes-de-budapest","event_type_2-workshop"],"_links":{"self":[{"href":"https:\/\/programajanlo.hu\/index.php\/wp-json\/wp\/v2\/ajde_events\/65443","targetHints":{"allow":["GET"]}}],"collection":[{"href":"https:\/\/programajanlo.hu\/index.php\/wp-json\/wp\/v2\/ajde_events"}],"about":[{"href":"https:\/\/programajanlo.hu\/index.php\/wp-json\/wp\/v2\/types\/ajde_events"}],"author":[{"embeddable":true,"href":"https:\/\/programajanlo.hu\/index.php\/wp-json\/wp\/v2\/users\/1"}],"replies":[{"embeddable":true,"href":"https:\/\/programajanlo.hu\/index.php\/wp-json\/wp\/v2\/comments?post=65443"}],"wp:featuredmedia":[{"embeddable":true,"href":"https:\/\/programajanlo.hu\/index.php\/wp-json\/wp\/v2\/media\/65468"}],"wp:attachment":[{"href":"https:\/\/programajanlo.hu\/index.php\/wp-json\/wp\/v2\/media?parent=65443"}],"wp:term":[{"taxonomy":"post_tag","embeddable":true,"href":"https:\/\/programajanlo.hu\/index.php\/wp-json\/wp\/v2\/tags?post=65443"},{"taxonomy":"event_type","embeddable":true,"href":"https:\/\/programajanlo.hu\/index.php\/wp-json\/wp\/v2\/event_type?post=65443"},{"taxonomy":"event_type_2","embeddable":true,"href":"https:\/\/programajanlo.hu\/index.php\/wp-json\/wp\/v2\/event_type_2?post=65443"}],"curies":[{"name":"wp","href":"https:\/\/api.w.org\/{rel}","templated":true}]}}

Ars Combinatoria #5: la gramática mágica

<div>Quinto encuentro del Taller de escritura creativa con el dramaturgo y profesor Manuel Torres.</div>
<div style="margin-top: 20px">
<div style="margin: 20px 10px;font-size: 15px;line-height: 22px;font-weight: 400;text-align: left;">
<p>TEMAS: Lenguaje que crea el mundo. Intertextualidad. Estética de la recepción. Sinestesia. Teatro de los sentidos. Anatomía de la Melancolía.</p>
<p>AUTOR: Benjamin Labatut. María Zambrano.</p>
<p>TEXTOS A LEER: Un verdor terrible de Labatut. La tumba de Antígona por María Zambrano.</p>
<p>TIPO DE TEXTO A PRODUCIR: Ensayo. Texto experimental. Narrativas híbridas.</p>
<p>💬<strong><strong>Español con traducción simultánea al húngaro.</strong></strong></p>
</p>
<p>TÉMÁK: A világot teremtő nyelv. Intertextualitás. A befogadás esztétikája. Szinesztiázia. Az érzékek színháza. A melankólia anatómiája.</p>
<p>SZERZŐ: Benjamin Labatut. María Zambrano.</p>
<p>OLVASANDÓ SZÖVEGEK: Labatut: Un verdor terrible (Szörnyű zöldség). María Zambrano: La tumba de Antígona (Antigoné sírja).</p>
<p>KÉSZÍTENDŐ SZÖVEGTÍPUS: Esszé. Kísérleti szöveg. Hibrid narratívák.</p>
<p>💬<strong><strong>Spanyol nyelvű, magyar szinkrontolmácsolással.</strong></strong></p>
</div>
</div>
